 of 4052?
2
What is the hundreds digit of 19436?
4
What is the tens digit of 120339?
3
What is the hundreds digit of 65226?
2
What is the units digit of 9616?
6
What is the thousands digit of 1743?
1
What is the units digit of 878?
8
What is the thousands digit of 10437?
0
What is the tens digit of 83?
8
What is the tens digit of 91791?
9
What is the tens digit of 587?
8
What is the hundreds digit of 11389?
3
What is the hundreds digit of 1046?
0
What is the hundreds digit of 709?
7
What is the units digit of 149544?
4
What is the ten thousands digit of 18871?
1
What is the tens digit of 8104?
0
What is the hundreds digit of 5295?
2
What is the hundreds digit of 2433?
4
What is the thousands digit of 42657?
2
What is the hundreds digit of 336?
3
What is the tens digit of 52034?
3
What is the tens digit of 236?
3
What is the thousands digit of 12111?
2
What is the tens digit of 88195?
9
What is the tens digit of 706?
0
What is the hundreds digit of 47658?
6
What is the thousands digit of 11774?
1
What is the thousands digit of 25637?
5
What is the units digit of 116?
6
What is the tens digit of 6673?
7
What is the hundreds digit of 402?
4
What is the thousands digit of 5612?
5
What is the units digit of 53?
3
What is the thousands digit of 6827?
6
What is the tens digit of 486?
8
What is the tens digit of 1180?
8
What is the hundreds digit of 43903?
9
What is the hundreds digit of 1516?
5
What is the units digit of 23598?
8
What is the tens digit of 62580?
8
What is the hundreds digit of 116317?
3
What is the tens digit of 631?
3
What is the units digit of 1716?
6
What is the hundreds digit of 115?
1
What is the tens digit of 1079?
7
What is the units digit of 695?
5
What is the tens digit of 24799?
9
What is the units digit of 570?
0
What is the units digit of 1447?
7
What is the units digit of 887?
7
What is the units digit of 633?
3
What is the units digit of 55152?
2
What is the hundreds digit of 933?
9
What is the thousands digit of 2533?
2
What is the units digit of 45440?
0
What is the hundreds digit of 49979?
9
What is the units digit of 6047?
7
What is the thousands digit of 5149?
5
What is the hundreds digit of 16428?
4
What is the units digit of 75266?
6
What is the units digit of 10117?
7
What is the tens digit of 1232?
3
What is the tens digit of 1030?
3
What is the tens digit of 13950?
5
What is the tens digit of 123?
2
What is the tens digit of 35718?
1
What is the units digit of 52?
2
What is the tens digit of 68?
6
What is the units digit of 553?
3
What is the ten thousands digit of 108533?
0
What is the tens digit of 369?
6
What is the hundreds digit of 1157?
1
What is the tens digit of 10336?
3
What is the hundreds digit of 10498?
4
What is the units digit of 25326?
6
What is the ten thousands digit of 73187?
7
What is the tens digit of 3111?
1
What is the ten thousands digit of 19475?
1
What is the units digit of 6165?
5
What is the hundreds digit of 78063?
0
What is the hundreds digit of 5994?
9
What is the thousands digit of 1125?
1
What is the ten thousands digit of 15740?
1
What is the hundreds digit of 9064?
0
What is the hundreds digit of 11327?
3
What is the ten thousands digit of 13255?
1
What is the ten thousands digit of 21960?
2
What is the tens digit of 15134?
3
What is the ten thousands digit of 50618?
5
What is the tens digit of 1766?
6
What is the tens digit of 8838?
3
What is the units digit of 417?
7
What is the tens digit of 83526?
2
What is the hundreds digit of 4237?
2
What is the tens digit of 3419?
1
What is the hundreds digit of 20985?
9
What is the thousands digit of 45964?
5
What is the thousands digit of 144972?
4
What is the tens digit of 56857?
5
What is the tens digit of 8819?
1
What is the thousands digit of 1572?
1
What is the hundreds digit of 1424?
4
What is the tens digit of 1787?
8
What is the thousands digit of 5688?
5
What is the hundreds digit of 2355?
3
What is the tens digit of 4416?
1
What is the thousands digit of 6899?
6
What is the tens digit of 556?
5
What is the tens digit of 9820?
2
What is the tens digit of 4082?
8
What is the tens digit of 5995?
9
What is the hundreds digit of 554?
5
What is the units digit of 3459?
9
What is the tens digit of 1758?
5
What is the tens digit of 3590?
9
What is the hundred thousands digit of 175850?
1
What is the units digit of 331?
1
What is the thousands digit of 28672?
8
What is the thousands digit of 13680?
3
What is the hundreds digit of 4383?
3
What is the ten thousands digit of 37775?
3
What is the tens digit of 1861?
6
What is the hundreds digit of 3585?
5
What is the thousands digit of 50158?
0
What is the units digit of 5891?
1
What is the units digit of 151?
1
What is the thousands digit of 67331?
7
What is the tens digit of 54007?
0
What is the hundreds digit of 1554?
5
What is the ten thousands digit of 86207?
8
What is the units digit of 57?
7
What is the hundreds digit of 244?
2
What is the units digit of 20099?
9
What is the units digit of 1834?
4
What is the tens digit of 211?
1
What is the hundreds digit of 630?
6
What is the ten thousands digit of 20392?
2
What is the ten thousands digit of 114330?
1
What is the tens digit of 912?
1
What is the tens digit of 66855?
5
What is the thousands digit of 10423?
0
What is the units digit of 8488?
8
What is the hundreds digit of 87419?
4
What is the hundreds digit of 1119?
1
What is the units digit of 24102?
2
What is the tens digit of 903?
0
What is the hundreds digit of 11023?
0
What is the hundreds digit of 1066?
0
What is the thousands digit of 3612?
3
What is the hundreds digit of 815?
8
What is the hundreds digit of 11910?
9
What is the ten thousands digit of 19231?
1
What is the thousands digit of 1064?
1
What is the tens digit of 84898?
9
What is the units digit of 32523?
3
What is the tens digit of 1036?
3
What is the thousands digit of 26331?
6
What is the hundreds digit of 753?
7
What is the tens digit of 798?
9
What is the ten thousands digit of 13488?
1
What is the units digit of 15313?
3
What is the hundreds digit of 479?
4
What is the tens digit of 253?
5
What is the tens digit of 25444?
4
What is the thousands digit of 131198?
1
What is the tens digit of 1135?
3
What is the units digit of 38?
8
What is the hundreds digit of 13328?
3
What is the units digit of 9653?
3
What is the hundreds digit of 150127?
1
What is the tens digit of 203?
0
What is the hundreds digit of 123638?
6
What is the tens digit of 263?
6
What is the tens digit of 498?
9
What is the hundreds digit of 996?
9
What is the tens digit of 20299?
9
What is the thousands digit of 2789?
2
What is the tens digit of 21543?
4
What is the units digit of 8734?
4
What is the units digit of 3257?
7
What is the units digit of 1920?
0
What is the tens digit of 16790?
9
What is the units digit of 531?
1
What is the tens digit of 62220?
2
What is the units digit of 62?
2
What is the tens digit of 80446?
4
What is the hundreds digit of 489?
4
What is the tens digit of 211?
1
What is the thousands digit of 39688?
9
What is the units digit of 85?
5
What is the ten thousands digit of 33060?
3
What is the units digit of 1226?
6
What is the tens digit of 20850?
5
What is the thousands digit of 15181?
5
What is the units digit of 526?
6
What is the units digit of 7823?
3
What is the units digit of 3141?
1
What is the units digit of 3570?
0
What is the units digit of 2194?
4
What is the thousands digit of 5928?
5
What is the hundreds digit of 4807?
8
What is the tens digit of 37013?
1
What is the thousands digit of 6763?
6
What is the thousands digit of 1573?
1
What is the hundreds digit of 3734?
7
What is the thousands digit of 1640?
1
What is the hundreds digit of 19156?
1
What is the hundred thousands digit of 110655?
1
What is the hundreds digit of 2385?
3
What is the tens digit of 785?
8
What is the ten thousands digit of 95731?
9
What is the tens digit of 4096?
9
What is the thousands digit of 22370?
2
What is the units digit of 5035?
5
What is the hundreds digit of 2472?
4
What is the hundreds digit of 9265?
2
What is the units digit of 16134?
4
What is the thousands digit of 74875?
4
What is the hundred thousands digit of 103396?
1
What is the ten thousands digit of 12258?
1
What is the hundreds digit of 3435?
4
